e v(8).
-11
Let j(o) = -o**2 + 1060*o - 170568. Give j(198).
108
Let k(i) = -414*i**3 + 8694*i**2 + i - 1. Calculate k(21).
20
Let a(i) = -i**2 - 45*i - 376. What is a(-9)?
-52
Let f(t) = 761*t + 22753. What is f(-30)?
-77
Let w(b) = b**3 + 459*b**2 - 9555*b - 494. Determine w(20).
6
Let y(i) = -31*i**3 + 11*i**2 + 51*i + 140. Calculate y(-4).
2096
Let m(a) = -a**3 - 52*a**2 - 191*a + 3106. Calculate m(-45).
-2474
Let f(i) = 16877*i + 151931. What is f(-9)?
38
Let r(m) = -2079*m**2 - 4093*m + 1. What is r(-2)?
-129
Let u(g) = -59605*g - 953645. What is u(-16)?
35
Let u(r) = -r**3 - 271*r**2 + 1208*r + 105771. Determine u(-274).
7
Let j(k) = -4125*k - 123762. Determine j(-30).
-12
Let i(u) = 3167*u + 9773. What is i(-3)?
272
Let d(s) = -186048*s + 930256. Calculate d(5).
16
Let m(x) = 34*x**2 - 22176*x + 5211. Calculate m(652).
-5
Let r(f) = -2*f**3 - 217*f**2 - 261*f - 40336. Give r(-109).
-6
Let j(r) = -1326*r**2 + 6605*r + 116. What is j(5)?
-9
Let b(d) = -5*d**2 + 233*d - 2013. What is b(10)?
-183
Let p(q) = -q**3 - 56*q**2 + 714*q + 39885. Calculate p(-56).
-99
Let l(j) = 15661*j - 281912. What is l(18)?
-14
Let u(q) = 14*q**2 + 791*q - 9854. Calculate u(-67).
-5
Let q(x) = 1921*x - 202999. Calculate q(106).
627
Let k(r) = r**2 - 22*r + 538. Calculate k(16).
442
Let p(t) = -321*t - 24811. Determine p(-75).
-736
Let r(d) = 34*d**2 + 11763*d - 316. Determine r(-346).
30
Let y(m) = 9*m**3 - 252*m**2 + 18*m - 7. Calculate y(28).
497
Let x(d) = 1833*d + 9156. Give x(-5).
-9
Let v(m) = 4295*m + 42181. Determine v(-10).
-769
Let y(w) = -30*w**2 + 436*w - 402. Calculate y(1).
4
Let m(r) = 335*r**3 + 3011*r**2 - 36*r + 47. What is m(-9)?
47
Let o(h) = -40209*h - 3457943. Give o(-86).
31
Let q(h) = -h**3 + 24*h**2 - 52*h + 1747. Give q(25).
-178
Let l(k) = 2088*k - 265440. Determine l(127).
-264
Let i(g) = g**2 - 261*g + 239. Give i(260).
-21
Let i(p) = -76*p**3 + p**2 - 1332*p - 2664. Determine i(-2).
612
Let w(i) = 65*i**2 + 3511*i + 43. Give w(-54).
-11
Let x(g) = 6*g**2 - 361*g - 34. Calculate x(0).
-34
Let u(t) = -4*t**2 + 645*t + 16140. What is u(-22)?
14
Let x(l) = -176*l**3 - 622*l**2 + 4*l + 4. Give x(-4).
1300
Let w(p) = 2*p**2 - 77*p + 983. What is w(21)?
248
Let h(b) = -18*b**2 + 7238*b + 21049. What is h(405)?
-11
Let m(h) = 425*h + 136007. Determine m(-320).
7
Let l(f) = -f**3 + 314*f**2 + 533*f + 31304. Give l(316).
20
Let f(r) = 4017*r + 449914. Give f(-112).
10
Let m(s) = 46571*s - 232758. Calculate m(5).
97
Let a(y) = 2*y**3 + 40*y**2 - 2110*y - 36. Give a(24).
12
Let p(n) = 4*n**2 + 489*n + 3933. Calculate p(-9).
-144
Let o(c) = 49613*c + 2827993. Determine o(-57).
52
Let u(y) = -8*y**2 - 2584*y + 13108. What is u(5)?
-12
Let u(m) = 4*m**2 + 1850*m + 3680. Calculate u(-2).
-4
Let w(q) = -q**3 - 26*q**2 - 89*q - 480. Give w(-28).
3580
Let o(c) = -82*c**2 + 180*c + 478. Give o(-3).
-800
Let g(c) = -52*c**2 + 837*c + 262. Calculate g(16).
342
Let w(f) = 9*f**2 + 350*f + 417. Determine w(-38).
113
Let k(u) = 93*u + 218. Calculate k(-4).
-154
Let p(j) = -56*j**2 + 2694*j - 125. What is p(48)?
163
Let q(u) = 23117*u + 161819. Give q(-7).
0
Let i(v) = 15*v**2 - 978*v + 2073. Give i(63).
-6
Let t(i) = -78*i**2 + 15*i + 1. What is t(-1)?
-92
Let a(o) = -42*o - 2176. What is a(-46)?
-244
Let z(i) = -378*i**2 + 130398*i + 4151. What is z(345)?
11
Let f(t) = -t**2 + 33*t + 2675. Calculate f(70).
85
Let n(r) = -92268*r - 369112. Determine n(-4).
-40
Let n(x) = -x**3 - 19*x**2 + 2307*x + 463. Give n(-58).
-2147
Let b(s) = 739*s**2 + 462616*s + 1243. Calculate b(-626).
-9
Let a(d) = 14*d**3 - 4*d**2 - 9*d - 44. Give a(-5).
-1849
Let f(w) = -6*w**2 - 935*w - 11241. What is f(-13)?
-100
Let k(g) = 315*g**2 - 8225*g + 911. Calculate k(26).
1
Let t(s) = -11706*s + 1463176. Calculate t(125).
-74
Let n(h) = 1315*h + 16788. Determine n(-13).
-307
Let q(x) = x**3 + 263*x**2 + 711*x + 117670. What is q(-262)?
32
Let w(f) = f**2 - 5231*f + 528186. Calculate w(103).
2
Let j(r) = -216*r + 58157. Calculate j(263).
1349
Let j(k) = -3243*k - 431400. Give j(-133).
-81
Let t(l) = 44*l**3 - 307*l**2 - 8*l + 61. What is t(7)?
54
Let q(n) = 130*n - 13374. What is q(105)?
276
Let j(h) = 289*h - 5533. Determine j(19).
-42
Let v(z) = -2*z**3 - 4*z**2 - 23*z - 20. Calculate v(5).
-485
Let d(m) = -1396*m - 17010. Give d(-13).
1138
Let x(p) = 741*p + 212663. Calculate x(-287).
-4
Let d(v) = 849*v**2 + 4257*v + 70. What is d(-5)?
10
Let s(b) = -2*b**3 + 116*b**2 - 583*b + 2800. Calculate s(53).
-9
Let z(g) = g**3 + 35*g**2 - 15*g - 525. Calculate z(-35).
0
Let u(i) = 1267*i + 229318. Give u(-181).
-9
Let n(r) = -152*r**2 - 1661*r + 122. Determine n(-11).
1
Let q(t) = -10241*t + 471090. Calculate q(46).
4
Let l(a) = 61*a**2 - 355*a + 443. Calculate l(4).
-1
Let y(h) = 5*h**2 - 217*h + 2327. Determine y(24).
-1
Let o(r) = 104*r**2 + 638*r - 67. Give o(-6).
-151
Let v(m) = -m**3 + 342*m**2 + 8180*m - 4950. Determine v(-23).
-5
Let y(k) = 19*k**2 + 13473*k + 1445. What is y(-709)?
27
Let r(o) = 732735*o + 1465472. Calculate r(-2).
2
Let m(b) = b**2 - 81*b - 12143. Determine m(-77).
23
Let c(v) = -494*v**2 - 86939*v + 876. Determine c(-176).
-4
Let a(q) = -2*q**3 - 56*q**2 + 934*q - 5405. Determine a(-41).
7
Let v(o) = o**3 - 14*o**2 + 3552*o - 73439. Determine v(20).
1
Let z(k) = k**3 - 23*k**2 - 297*k + 823. Calculate z(32).
535
Let r(m) = -2194*m + 16930. Give r(8).
-622
Let h(t) = 1554*t - 147630. Calculate h(95).
0
Let l(k) = 171*k**2 + 20857*k - 761. Give l(-122).
-151
Let q(z) = 31767*z + 17408315. Determine q(-548).
-1
Let z(q) = 4*q**2 + 243337*q - 486684. Determine z(2).
6
Let a(h) = -h**2 + 11302*h - 56479. Calculate a(5).
6
Let l(w) = -452802*w + 4528027. What is l(10)?
7
Let b(d) = -16*d**3 - 1414*d**2 + 8457*d - 286. Calculate b(-94).
-4
Let n(k) = 10*k**3 + 109*k**2 - 63*k - 23. Give n(-11).
549
Let p(q) = 5573*q + 378552. Give p(-68).
-412
Let d(v) = 2*v**3 - 50*v**2 - 522*v + 13042. Give d(25).
-8
Let g(s) = -2073*s - 174123. What is g(-84)?
9
Let r(j) = 7*j**3 - 239*j**2 - 1639*j - 18. Give r(40).
22
Let z(d) = -1689*d + 6756. What is z(4)?
0
Let v(r) = 2*r**2 + 2501*r - 14916. Determine v(6).
162
Let v(i) = 1427*i - 131300. Determine v(92).
-16
Let q(m) = -14495*m - 579805. Give q(-40).
-5
Let o(q) = 5*q**3 - 78*q**2 + 192*q - 5282. Determine o(17).
5
Let k(w) = -w**3 - 38*w**2 + 339*w - 63. Determine k(11).
-2263
Let y(n) = -109*n + 1288. What is y(14)?
-238
Let p(b) = -2*b**2 - 543*b + 2199. Give p(4).
-5
Let r(o) = -100*o - 5637. Give r(-58).
163
Let a(w) = w**3 + 98*w**2 - 606*w - 83. What is a(6)?
25
Let g(p) = 159*p + 2738. Calculate g(-11).
989
Let s(p) = 15*p**2 - 668*p + 184. Determine s(45).
499
Let u(v) = -3*v**2 + 1058*v - 92896. Calculate u(163).
-149
Let z(v) = -2*v**2 - 287*v + 6988. Give z(22).
-294
Let t(o) = -111*o**2 - 3788*o - 503. Give t(-34).
-27
Let r(x) = -x**3 + 4*x**2 + 68633*x - 343106. Give r(5).
34
Let l(m) = -106*m - 2839. Determine l(-51).
2567
Let s(m) = -m**2 - 414*m + 4414. Calculate s(11).
-261
Let j(c) = -606*c + 195054. Give j(319).
1740
Let v(i) = -65*i + 587. Calculate v(16).
-453
Let d(x) = x**2 - 20*x - 1595. Calculate d(-25).
-470
Let b(f) = 9*f**3 - 38*f**2 - 2727*f + 13463. Calculate b(5).
3
Let o(c) = -c**3 + 100*c**2 - 2431*c - 189. Determine o(42).
21
Let q(s) = -27533*s - 358009. Give q(-13).
-80
Let u(q) = -135*q**2 - 6358*q - 6814. Give u(-46).
-6
Let i(b) = b**3 + 5*b**2 - 146*b + 122. Calculate i(14).
1802
Let v(t) = -230243*t + 460504. Give v(2).
18
Let k(n) = n**3 - 12*n**2 + 3728*n - 25862. Calculate k(7).
-11
Let p(d) = d**3 - 25*d**2 + 50*d + 637. Give p(22).
285
Let x(w) = -w**3 - 178*w**2 + 391*w + 100542. What is x(-177)?
6
Let s(k) = -33*k**2 - 213*k - 320. Determine s(-5).
-80
Let i(p) = -21*p**2 - 114*p - 550. Calculate i(-10).
-1510
Let h(x) = -x**2 - 145635*x + 291269. Give h(2).
-5
Let f(z) = 4*z**2 - 249*z + 1646. Determine f(52).
-486
Let n(o) = -2*o**2 + 147*o + 1045. Calculate n(81).
-170
Let b(t) = 534*t**3 + 314*t**2 - 311*t - 1. Calculate b(1).
536
Let t(a) = a**3 + 47*a**2 - 776*a - 1106. Give t(14).
-14
Let b(t) = 2*t**2 - 331*t - 3273. What is b(175)?
52
Let c(x) = -39*x**2 + 16201*x - 6634. Determine c(415).
6
Let t(k) = -49*k**2 - 6. What is t(3)?
-447
Let i(o) = 2*o**2 + 5203